01*k - 633. Determine w(-6).
9
Let n(w) = 36*w**3 + 7*w**2 + 5*w - 2. Calculate n(-1).
-36
Let i(w) = -2*w**3 - 12*w**2 - 11*w + 15. Calculate i(-5).
20
Let n(h) = 2*h**2 - 23*h - 90. What is n(-4)?
34
Let l(a) = 689*a - 17910. Calculate l(26).
4
Let f(o) = -6*o**2 - 10*o + 160. Calculate f(5).
-40
Let c(i) = -777*i + 10100. Calculate c(13).
-1
Let u(j) = 628*j - 7542. Calculate u(12).
-6
Let w(t) = -3*t**2 + 27*t + 47. Calculate w(11).
-19
Let x(t) = 58*t + 67. Determine x(-1).
9
Let r(t) = 41*t + 1425. What is r(-17)?
728
Let x(m) = 5*m**2 + 41*m - 1. Calculate x(-4).
-85
Let q(a) = -837*a - 2499. Determine q(-3).
12
Let y(j) = -j**2 + 5*j - 10. Determine y(-7).
-94
Let w(c) = -c**3 + 49*c**2 - 58*c + 424. Calculate w(48).
-56
Let t(s) = s**2 + 230*s + 12391. What is t(-144)?
7
Let d(a) = -3*a**3 - 26*a**2 + a - 84. Give d(-9).
-12
Let w(u) = 21*u**2 + 7*u + 35. Determine w(-4).
343
Let q(k) = -3*k**2 + 14*k - 7. Determine q(4).
1
Let r(j) = 152*j + 613. Give r(-4).
5
Let q(n) = -2*n**3 - 115*n**2 + 56*n - 165. Determine q(-58).
-49
Let q(s) = -880*s - 4401. Calculate q(-5).
-1
Let b(i) = -549*i - 2750. Give b(-5).
-5
Let j(i) = -15*i**2 - 151*i - 16. Calculate j(-9).
128
Let v(k) = -119*k - 255. Determine v(-2).
-17
Let x(c) = c**2 - 104*c + 8. Give x(0).
8
Let b(k) = k**2 + 9*k - 208. Calculate b(-19).
-18
Let t(r) = -4*r**2 - 13*r + 172. Calculate t(-13).
-335
Let v(n) = -23*n**2 - 6*n + 6. Give v(1).
-23
Let u(w) = -w**2 - 20*w + 217. What is u(-26)?
61
Let d(g) = -23*g + 243. Determine d(8).
59
Let o(t) = -29*t**2 - 3*t - 33. Give o(-3).
-285
Let b(h) = -247*h + 19258. What is b(78)?
-8
Let c(v) = 14*v + 111. Determine c(6).
195
Let b(v) = 11*v - 110. What is b(11)?
11
Let k(i) = -i**3 + 89*i**2 - 1560*i - 11. Give k(65).
-11
Let a(q) = -q**2 - 298*q + 2419. Determine a(8).
-29
Let r(d) = 5*d**2 + 313*d - 71. Give r(-63).
55
Let z(y) = -31*y**3 + 403*y**2 - 2*y + 2. Give z(13).
-24
Let u(x) = -9*x + 124. Give u(11).
25
Let j(b) = 424*b - 12629. Determine j(30).
91
Let o(u) = 35*u**2 + 12*u - 8. What is o(0)?
-8
Let s(i) = -i**2 - 53*i + 138. Calculate s(-39).
684
Let p(w) = 22*w + 87. Calculate p(-3).
21
Let o(y) = 41*y - 2186. What is o(54)?
28
Let b(h) = -h**3 - 16*h**2 - 28*h - 58. Calculate b(-15).
137
Let o(z) = -14*z**3 + z**2 - 3*z. Give o(-1).
18
Let n(s) = 2*s**3 - 2*s**2 - 82*s + 15. Determine n(-6).
3
Let j(f) = 355*f - 16628. What is j(47)?
57
Let i(t) = -13*t**2 + 268*t + 400. Give i(22).
4
Let p(b) = -b**3 + 25*b**2 - 60*b + 3093. Calculate p(27).
15
Let f(w) = 3*w**3 - 18*w**2 - 26*w + 174. Determine f(6).
18
Let o(t) = -t**3 - 187*t**2 - 191*t - 796. What is o(-186)?
134
Let b(s) = -2*s**2 - 276*s - 2534. Determine b(-10).
26
Let p(y) = 10*y + 954. Calculate p(-97).
-16
Let w(x) = -54*x - 141. Determine w(-2).
-33
Let l(p) = -2248*p - 26966. What is l(-12)?
10
Let i(u) = -111*u + 452. What is i(3)?
119
Let u(t) = -t**3 + 77*t**2 - 316*t - 3169. What is u(72)?
-1
Let w(z) = 46*z + 1737. Calculate w(-36).
81
Let r(f) = 2*f**2 - 305*f + 9428. Determine r(43).
11
Let y(p) = -2*p**2 - 31*p + 65. Calculate y(-23).
-280
Let i(h) = h**2 - 7*h + 1. What is i(2)?
-9
Let q(a) = a**3 + 79*a**2 + 74*a - 330. Determine q(-78).
-18
Let u(c) = -3*c**2 - 10*c + 122. What is u(-8)?
10
Let o(c) = 3*c**3 + 463*c**2 + 57*c - 14938. What is o(-154)?
0
Let j(a) = -a**3 - 75*a**2 + 747*a + 56. Determine j(9).
-25
Let j(c) = -32*c**2 - 1502*c + 91. Give j(-47).
-3
Let o(x) = 36*x + 1919. Give o(-53).
11
Let x(o) = -o**2 - 20*o - 96. Determine x(-17).
-45
Let b(j) = 248*j + 3966. Give b(-16).
-2
Let n(v) = -v**2 - 74*v + 9. Give n(-76).
-143
Let o(l) = l**3 + 22*l**2 + 176*l + 2263. Calculate o(-19).
2
Let m(k) = 208*k**3 - k**2 + 64*k - 64. Determine m(1).
207
Let s(q) = -q**3 - 67*q**2 + 3*q + 118. Give s(-67).
-83
Let n(i) = i**3 - 15*i**2 + 721*i - 9908. Give n(14).
-10
Let w(o) = 2*o**3 + 5*o**2 + 25*o + 35. Give w(-2).
-11
Let m(n) = -n**2 + 10*n + 7. Calculate m(-4).
-49
Let o(b) = 17*b**3 + 90*b**2 + 90*b + 14. Give o(-4).
6
Let g(j) = -24*j**3 - 308*j**2 + 53*j + 1. What is g(-13)?
-12
Let f(p) = -p**3 - 16*p**2 - 15*p + 176. What is f(-14)?
-6
Let f(g) = g**3 + 48*g**2 - 209*g - 51. Give f(-52).
1
Let o(f) = 12*f**2 - 125*f - 375. What is o(-3)?
108
Let v(l) = -7*l**2 + 4*l - 23. Give v(4).
-119
Let z(y) = -45*y + 944. Calculate z(18).
134
Let c(g) = -2520*g + 6. Calculate c(0).
6
Let c(p) = 20*p + 1038. Give c(-48).
78
Let a(i) = -i**3 + 3*i**2 + 90*i - 448. Calculate a(6).
-16
Let b(d) = -101*d - 888. Give b(-7).
-181
Let q(f) = 36*f - 41. What is q(-2)?
-113
Let x(l) = -16*l - 1470. Calculate x(-92).
2
Let b(d) = 168*d - 2361. Give b(14).
-9
Let s(x) = -x**3 + 41*x**2 - 91*x + 2044. Calculate s(40).
4
Let q(k) = 17*k**2 + 91*k + 25. Calculate q(-5).
-5
Let r(y) = 50*y + 5498. Give r(-110).
-2
Let r(i) = -i**3 - 5*i**2 + 24*i + 28. What is r(-7)?
-42
Let c(b) = b**2 + 50*b - 49. Calculate c(-51).
2
Let y(k) = 4*k**3 - 241*k**2 + 69*k - 555. Determine y(60).
-15
Let l(t) = 25*t - 358. Give l(15).
17
Let b(o) = -o**3 + 15*o**2 + 37*o - 32. What is b(17)?
19
Let c(a) = -2*a**3 + 115*a**2 + 57*a + 51. Calculate c(58).
-7
Let w(q) = 1267*q + 143182. Determine w(-113).
11
Let s(d) = 23*d - 195. What is s(8)?
-11
Let d(w) = -w**2 + 19*w + 4880. What is d(-61)?
0
Let v(o) = 2*o**3 - 18*o**2 - 2*o + 21. What is v(9)?
3
Let a(t) = -102*t + 47. What is a(1)?
-55
Let h(s) = -s**3 + 5*s**2 - 96*s + 478. Calculate h(5).
-2
Let x(z) = -94*z - 1078. Give x(-11).
-44
Let h(p) = p**2 - 36*p + 332. Calculate h(19).
9
Let x(w) = 62*w + 7. Determine x(-2).
-117
Let x(l) = -25*l**2 + 546*l + 35. Give x(22).
-53
Let v(u) = -2*u**2 + 57*u - 287. What is v(7)?
14
Let s(c) = -451*c**3 - 1. Give s(-1).
450
Let y(n) = n**3 + n**2 + 8*n + 16. Calculate y(5).
206
Let i(c) = -4*c**3 - 291*c**2 + 5*c - 4972. What is i(-73)?
-8
Let n(h) = -7*h**2 - 103*h + 35. What is n(-15)?
5
Let b(r) = -r - 46. What is b(-54)?
8
Let h(v) = v**3 + 66*v**2 - 431*v + 67. What is h(-72)?
-5
Let i(v) = v**3 - 285*v**2 + 511*v + 15561. Calculate i(283).
-4
Let n(i) = -964*i + 1930. What is n(2)?
2
Let m(r) = -518*r + 19679. Determine m(38).
-5
Let o(a) = 54*a + 1087. What is o(-20)?
7
Let a(k) = -18*k - 13. Determine a(-2).
23
Let t(d) = -5*d**3 + 13*d**2 - 8*d + 4. Calculate t(4).
-140
Let i(g) = 4*g**3 - 38*g**2 + g + 18. Determine i(9).
-135
Let l(g) = g**3 - 8*g**2 + 17*g + 10. Determine l(6).
40
Let j(t) = -24*t**2 - 1077*t + 111. Calculate j(-45).
-24
Let i(b) = 52*b + 202. Determine i(3).
358
Let s(j) = 41*j**2 + 34*j - 9. Give s(2).
223
Let o(m) = m**2 + 39*m + 335. What is o(-13)?
-3
Let z(v) = v**3 - 35*v**2 + 66*v + 14. Calculate z(33).
14
Let t(p) = p**3 + 12*p**2 - 7*p + 83. Give t(-13).
5
Let t(i) = 485*i - 992. Determine t(2).
-22
Let y(b) = -155*b - 6651. What is y(-43)?
14
Let h(d) = -d**2 - 15*d + 33. Give h(3).
-21
Let a(t) = t**2 - 88*t + 775. Calculate a(78).
-5
Let r(z) = z**2 - z - 4. Determine r(-3).
8
Let f(d) = 630*d + 503. What is f(-2)?
-757
Let w(s) = 2*s**2 + 39*s - 430. Give w(-28).
46
Let m(j) = -1316*j + 26322. Determine m(20).
2
Let o(f) = -f**2 + 61*f - 494. What is o(51)?
16
Let g(c) = -153*c - 628. Determine g(-3).
-169
Let d(x) = -3*x**2 + 612*x - 3036. Give d(5).
-51
Let j(b) = -b**3 + 3*b**2 + 78*b - 287. What is j(-9)?
-17
Let u(p) = -p**2 - 14*p - 26. Calculate u(-10).
14
Let y(i) = 203*i + 135. What is y(-4)?
-677
Let a(w) = w**2 - 12*w - 35. Determine a(14).
-7
Let l(g) = -g**2 + 34*g + 5501. What is l(-59)?
14
Let f(x) = 230*x + 923. Calculate f(-4).
3
Let m(d) = -26*d - 1045. Give m(-38).
-57
Let d(c) = 2*c**2 - 3047*c - 12218. Determine d(-4).
2
Let w(x) = x**3 + 7*x**2 - 11*x - 91. Determine w(-7).
-14
Let k(w) = 246*w + 6128. Determine k(-25).
-22
Let f(h) = 57*h - 34. Calculate f(0).
-34
Let y(f) = -f**3 - 2*f**2 + 7*f - 7. Calculate y(2).
-9
Let s(h) = 426*h + 9304. Determine s(-22).
-68
Let z(i) = -65*i + 1177. Determine z(18).
7
Let o(l) = -128*l - 628. Determine o(-5).
12
Let o(r) = 120*r + 9075. Calculate o(-74).
195
Let u(h) = -14*h + 1738. Calculate u(125).
-12
Let q(v) = -3967*v + 13. What is q(0)?
13
Let u(q) = -182*q - 2162. Give u(-12).
22
Let t(x) = -10*x**2 + 1238*x + 275. What is t(124)?
27
Let b(z) = -12*z + 110. Calc